- (-8 + 9).
4
What is -5 + (-1 + 2 - -5)?
1
-7 + 2 + (-2 - 2) - -5
-4
5 + -8 + -7 - -5
-5
-4 - ((-8 - 0) + 10)
-6
Calculate (-5 - -2) + 1 - (1 - -1).
-4
What is 0 - ((-2 - -4) + 0 + -2)?
0
What is -5 + (-2 - -3) + 3?
-1
7 + (-2 + -8 - 2)
-5
What is 7 + -4 + -1 + 0?
2
(5 + 8 - 2) + -7
4
Evaluate 1 - 3 - 2 - (2 + -1).
-5
Evaluate 22 - 19 - (-1 + 6 + -2).
0
Evaluate -3 - (10 - 18) - (1 + 9).
-5
Evaluate 0 + 3 + -6 - (4 - 5).
-2
What is the value of -6 + 10 + 0 + -4?
0
Calculate (9 + 2 - 3) + (-2 - 1).
5
Calculate (-2 - 2) + -2 + (-4 - -5).
-5
What is the value of 2 + -15 + 18 - (1 + -4)?
8
Evaluate (1 + -2 - -6) + 0.
5
What is the value of -16 + 1 + (19 - 10)?
-6
-2 - ((-43 - -46) + (0 - 3))
-2
Calculate -4 + 1 - (0 + -1).
-2
1 + 6 + -6 + -15 + 20
6
What is -8 + (7 + -1 - -3)?
1
Calculate 9 + -8 + 3 + 1.
5
What is 3 + -7 + (0 - -4)?
0
What is -5 + (4 - 10) + 4 + 0?
-7
Calculate (12 - (-13 + 11)) + -25.
-11
What is the value of -1 + 3 + -7 + 1 - -4?
0
Evaluate (4 - 9) + 6 + -4.
-3
What is 5 - (-14 - (-5 - 3)) - 2?
9
What is the value of 3 - (2 + 4 + 3) - -15?
9
-2 - 0 - -4 - 2
0
Evaluate 1 + 2 + -7 + 7.
3
6 - (2 + (-1 + 0 - -1))
4
-7 + (-2 - 5) + 9 - -2
-3
What is the value of -3 + (-1 - (2 + -4)) - -4?
2
What is 2 - (-4 + 4) - -3?
5
(-3 - ((3 - 3) + 4)) + 2
-5
Evaluate (4 - -1) + (0 - -3 - 9).
-1
Calculate -11 + 11 + -5 + 10.
5
(-6 - (-12 + -2)) + -3 + -3
2
Evaluate 2 + 1 - (1 - 3).
5
-1 - (-1 + -1 - 1 - 3)
5
2 + 3 + -12 + 8
1
4 + 3 + (-13 - -5)
-1
What is -1 - 5 - (-14 + 5 + 5)?
-2
Evaluate 2 + 0 - (9 - (1 - -1)).
-5
-5 - (2 + 5 + -5)
-7
What is -2 + 5 - 7 - -1 - 3?
-6
Evaluate 0 + -10 + 38 + -32.
-4
What is the value of (1 + 4 - 8) + 6?
3
-1 + 4 + 1 - (13 - 4)
-5
What is the value of (-9 - -23 - 13) + 2 + 0?
3
Evaluate (-3 - (-5 + 2)) + 0.
0
Calculate (-8 - (-5 + -2)) + 3.
2
Evaluate 42 + -53 + (5 - 1).
-7
Evaluate 1 + -2 - (-42 + 40).
1
Calculate 3 + -5 + -5 + 4.
-3
Evaluate 1 + -2 + -6 + -1 + 4.
-4
What is the value of (0 - -5) + (10 - 11)?
4
Calculate 0 + (-9 + 23 - 8).
6
Evaluate (-6 - 1) + 0 - -3.
-4
Calculate -3 + (1 - 0 - -2) + -5.
-5
0 - 4 - (-2 + -1) - -2
1
Calculate 2 - (-5 + 12 - (2 - -2)).
-1
Calculate -4 + (1 + -1 - (-3 - -2)).
-3
13 + 2 + -5 + -5
5
Evaluate -1 - (9 + -6 + -2 + 1).
-3
What is -1 + 7 - (6 + -7) - 0?
7
1 - 7 - (-8 + 5)
-3
What is 7 + (-13 - (-11 - -3))?
2
Evaluate 1 - 10 - ((8 - 3) + -9).
-5
What is the value of 0 + 11 - (0 + -9 - -17)?
3
Evaluate 1 + (-4 - (-7 + 8)) - -5.
1
Evaluate -3 + 8 - (11 - -4).
-10
What is -15 + (2 - 0) + 9?
-4
What is the value of 9 + (2 + -9 - -2)?
4
Evaluate (2 - (1 - 3)) + -4 + -3.
-3
What is 9 - (1 + (2 - 0) + 1)?
5
What is 70 + -72 - ((-1 - -1) + -5)?
3
What is the value of 0 + 1 + 31 + -36?
-4
Evaluate 4 - (4 - 7 - -7).
0
What is 5 + -4 + -1 + 4?
4
What is (0 - (3 - -2)) + -15 + 14?
-6
What is 0 + -2 + 10 + (5 - 11)?
2
-2 + (-1 - (4 - 5)) - 3
-5
Evaluate (-1 - -1) + 0 + -3 + -1.
-4
(-27 - -21) + 0 + 1
-5
What is -6 + (10 - 8) - -10?
6
Calculate 2 + -5 + -8 + 10 + 2.
1
What is 1 + 2 - (14 - (2 + 6))?
-3
What is the value of 6 + (-17 - 1) + 7 + 6?
1
What is the value of 3 - (5 - 6 - (-3 + -1))?
0
Evaluate 7 - (9 - (9 - 7)).
0
Calculate 1 - (6 - 1 - (1 - -6)).
3
Evaluate 12 - 8 - (7 + 0).
-3
Evaluate (16 - 0 - 9) + -7.
0
3 + -6 + 12 + -3 - 7
-1
(6 - (1 + 1) - 10) + -1
-7
0 + (2 - (-1 - -8))
-5
What is 5 - (6 + 4 + -3 + -1)?
-1
What is (5 + 0 - -4) + (12 - 12)?
9
Evaluate (1 - (3 - 5)) + -11 + 0.
-8
Calculate -9 + -1 + 0 + 5.
-5
0 + 7 + (17 - 20)
4
What is the value of (-45 - -49) + (-5 - -3 - 9)?
-7
Evaluate 0 - (-7 + 4 + -1).
4
Calculate (4 - -1) + (3 - (4 - 0)).
4
Evaluate -3 + 7 + -19 + 18.
3
Calculate 0 - 10 - -7 - -1 - -4.
2
12 + -1 - (-4 + 10)
5
-2 + -1 + -3 - -1
-5
(9 + -3 - (5 + -4)) + 1
6
Evaluate -6 + -1 - (61 - 62).
-6
-16 + 13 - (1 - (-1 - 0))
-5
5 + -3 + -6 - 1
-5
Calculate 6 + (-2 - ((-1 - -6) + -6)).
5
Calculate 0 + 4 + 7 + -4.
7
5 + -3 + -3 + 3
2
Evaluate (3 - (7 - 3)) + -1.
-2
Evaluate -1 + (-3 - -1) + (7 - 3).
1
What is the value of 2 - (1 - (0 - 2))?
-1
What is -8 + (1 - -8 - 3)?
-2
-1 + 0 - 0 - 3
-4
Evaluate 3 - ((4 - (1 + 4)) + 3).
1
Calculate -6 + -3 + 1 - (1 - 4).
-5
Calculate (-4 - 2) + (14 - (-2 - -6)).
4
What is the value of -4 + (-1 - -2) + -72 + 82?
7
Evaluate (4 - 0) + -1 - 7 - -2.
-2
What is the value of (1 - 3 - -1) + -4?
-5
Calculate -1 + (2 - (-3 - -5)).
-1
Calculate 3 + -19 + 6 + 6.
-4
0 + -5 + 1 - (272 - 274)
-2
What is the value of (40 - 44) + (2 - 4)?
-6
Evaluate 3 + 0 - -1 - 1 - 2.
1
Calculate -1 - 10 - (29 - (56 - 25)).
-9
-4 + 3 + 2 - 4
-3
Evaluate 1 - (10 - (-2 + 6)).
-5
What is -3 + (3 - (5 - 5))?
0
What is (-7 - -3) + -5 + 4?
-5
1 + 1 - (-4 + -5 + 9)
2
Calculate -5 + 6 + 7 + -7.
1
Calculate 4 + 1 + -9 - -6.
2
Calculate -4 + -3 + (10 - 3).
0
What is the value of (0 - -2) + 1 + (65 - 64)?
4
Calculate (6 - 4 - 2 - -3) + 6.
9
What is the value of 3 - 6 - (9 - 9)?
-3
Calculate -2 + 5 + 63 + -68.
-2
Calculate 2 + -7 + 9 + (1 - 4).
1
What is 8 + (-4 - 1) + -1 + 1?
3
What is (-2 - -1) + 11 + (-6 - -1)?
5
Calculate -1 - (4 + 6 + -8).
-3
What is the value of -4 + 4 + -1 + (1 - -3)?
3
12 - (-12 + 5 - -10)
9
Evaluate -4 - (-10 - -8 - 8) - 8.
-2
Calculate 4 - (6 - -1 - 2).
-1
(-3 + 6 - (8 - 1)) + 3
-1
Evaluate 3 + (-6 - (-10 + 7) - -2).
2
Evaluate (-2 - -1) + 9 + -11.
-3
What is the value of 0 - (-12 - (-14 - -7) - -9)?
-4
Calculate 1 - (1 - -1 - (9 + -11)).
-3
Evaluate 3 - -2 - -1 - 4.
2
What is 2 + -9 + 1 - (16 + -17)?
-5
What is the value of -1 - ((-4 - 0) + 20 + -13)?
-4
What is 5 - (14 - (-1 - -8))?
-2
(15 - 19) + (0 - -1 - 1)
-4
What is -2 + (-13 - -7) + (1 - -14)?
7
Evaluate 0 - (4 - (4 - (1 - -7))).
-8
What is the value of 5 + (0 - 3) + -2 + 5?
5
What is the value of 15 + -18 + (1 - -8 - 1)?
5
Calculate 21 - 19 - (7 - (2 + 0)).
-3
Evaluate -9 + 16 - (-2 + 3 - -1).
5
1 - 7 - ((5 - 9) + -2)
0
What is the value of 0 - -8 - (-35 + 42)?
1
Calculate -8 + 7 + -3 + -5 + 6.
-3
What is the value of -3 + -2 + (2 - 0)?
-3
-2 - (12 - 2 - 3)
-9
3 + (-20 - -7) + 13
3
-1 + (3 - ((-2 - -6) + -3))
1
What is the value of -3 + 1 + 1 - (5 - 3)?
-3
What is the value of -3 + 2 - (7 + (-6 - 0))?
-2
What is the value of (-1 + -5 + 0 - -7) + 4?
5
What is -26 - -15 - (2 + -3)?
-10
-7 - 2 - (-13 + 1)
3
What is -5 + 0 + (20 - 17) + 2?
0
Calculate 6 - (-5 + 6 + -2 + 6).
1
What is the value of 1 + (-4 - -2) + 4?
3
Calculate 5 + (4 + -9 - 0).
0
Calculate 1 + 1 + -8 + 2 - -4.
0
What is -6 + (6 - 4) + -1?
-5
What is the value of 14 + -12 - (-1 - -2)?
1
-4 + (4 - 1 - -2)
1
What is -5 - (-2 + (3 - 0 - 1))?
-5
What is -2 + 4 + -3 + 5?
4
Evaluate -5 + -2 + 13 + -5.
1
-3 + -1 + (3 + -5 - -4)
-2
-3 - -8 - (5 - 4) - -1
5
Evaluate (-2 - 1 - 2 - -5) + 5.
5
What is the value of (1 - -5) + -5 + 4 + 1?
6
What is (-2 - -3 - -2) + 120 + -123?
0
What is the value of -1 + 0 + 2 - 2?
-1
Calculate (3 - 1) + (-11 - -8).
-1
Calculate 5 + -2 + -6 + 10 + 3.
10
What is the value of 3 - (2 - -6) - (-12 - -3)?
4
What is (3 - (-1 - -1)) + -2 + 3?
4
What is the value of -17 + (8 - (1 + 6 - 6))?
-10
Calculate 7 - (-9 + -12 + 29).
-1
(1 - 1 - (0 + -5)) + -2
3
What is (1 - (10 - 1)) + 10?
2
What is the value of (4 - (6 - -3)) + 9?
4
Calculate (-7 - (-3 - (0 - -3))) + 6.
5
5 + -5 + (1 - 6)
-5
5 + 0 + -5 - (-2 - -2)
0
Calculate (1 - 2) + -52 + 59.
6
Evaluate -2 + (4 - 1 - 3 - -2).
0
-6 + 1 + (-5 - -7)
-3
What is -2 + 0 + 4 - (-7 - -6)?
3
What is -1 + -1 - (16 - 18)?
0
Calculate -3 + (-3 - -8) + -1.
1
Calculate (-3 + 1 - -5) + -6.
-3
What is the value of 8 - (0 + (-2 - -14) + -5)?
1
Evaluate (0 - (-5 + 4)) + 4 + -3.
2
Evaluate -4 - (-5 + (3 - 1)).
-1
Evaluate 1 - (-5 - (4 + -1 + -12)).
-3
Calculate 9 + (-7 - (-3 + -2 - -4)).
3
Calculate -1 + 2 + 3 + -8.
-4
Calculate (-1 - -7) + -12 + 12 - 3.
3
Evaluate -8 + (-3 - (5 - 11)).
-5
Evaluate -5 + 16 + (5 - 16).
0
What is -8 - (-10 + (9 - 15))?
8
What is (0 - 4) + 8 + 0?
4
Evaluate -4 + (-3 - -4) + 9 + -9.
-3
What is the value of -5 + 2 - (1 - 5)?
1
Calculate 3 + (1 - (8 + -3)) + 10.
9
What is 1 + -4 + -7 + 3 + -2?
-9
-4 + (2 - (6 + 3 + -11))
0
What is the value of -2 - (-2 - (5 + (-10 - -5)))?
0
Calculate 64 + -63 - (-14 + 0) - 7.
8
What is (1 - 8 - -13) + 3?
9
What is the value of (-1 - -6) + 3 + -3?
5
Evaluate 3 - 18 - (-2 + -6 - -1).
-8
Evaluate -6 + (8 - 6 - -6).